44?
2, 19, 47
List the prime factors of 2610.
2, 3, 5, 29
List the prime factors of 27222.
2, 3, 13, 349
List the prime factors of 9048.
2, 3, 13, 29
What are the prime factors of 8990?
2, 5, 29, 31
What are the prime factors of 853?
853
What are the prime factors of 8530?
2, 5, 853
What are the prime factors of 5561?
67, 83
List the prime factors of 15446.
2, 7723
What are the prime factors of 79326?
2, 3, 13, 113
What are the prime factors of 101523?
3, 43, 787
List the prime factors of 10255.
5, 7, 293
What are the prime factors of 90844?
2, 13, 1747
What are the prime factors of 4699?
37, 127
What are the prime factors of 16213?
31, 523
What are the prime factors of 2752?
2, 43
What are the prime factors of 942?
2, 3, 157
List the prime factors of 14610.
2, 3, 5, 487
List the prime factors of 565.
5, 113
What are the prime factors of 11396?
2, 7, 11, 37
List the prime factors of 2124.
2, 3, 59
List the prime factors of 379.
379
What are the prime factors of 4424?
2, 7, 79
What are the prime factors of 10552?
2, 1319
List the prime factors of 13698.
2, 3, 761
What are the prime factors of 14863?
89, 167
List the prime factors of 2545.
5, 509
What are the prime factors of 1094?
2, 547
List the prime factors of 942.
2, 3, 157
What are the prime factors of 33746?
2, 47, 359
What are the prime factors of 48596?
2, 12149
What are the prime factors of 789?
3, 263
List the prime factors of 589.
19, 31
List the prime factors of 10292.
2, 31, 83
What are the prime factors of 1576?
2, 197
What are the prime factors of 3844?
2, 31
List the prime factors of 981.
3, 109
What are the prime factors of 178?
2, 89
List the prime factors of 122.
2, 61
List the prime factors of 3683.
29, 127
What are the prime factors of 6641?
29, 229
What are the prime factors of 4705?
5, 941
List the prime factors of 5010.
2, 3, 5, 167
What are the prime factors of 140697?
3, 193
What are the prime factors of 12815?
5, 11, 233
List the prime factors of 13391.
7, 1913
What are the prime factors of 1596?
2, 3, 7, 19
What are the prime factors of 10355?
5, 19, 109
What are the prime factors of 11273?
11273
What are the prime factors of 5643?
3, 11, 19
What are the prime factors of 3065?
5, 613
List the prime factors of 1577.
19, 83
What are the prime factors of 255?
3, 5, 17
List the prime factors of 202.
2, 101
List the prime factors of 114302.
2, 67, 853
List the prime factors of 79609.
79609
List the prime factors of 6789.
3, 31, 73
What are the prime factors of 14939?
14939
List the prime factors of 26407.
26407
List the prime factors of 1715.
5, 7
What are the prime factors of 1585?
5, 317
What are the prime factors of 13226?
2, 17, 389
What are the prime factors of 1521?
3, 13
List the prime factors of 483.
3, 7, 23
List the prime factors of 1295.
5, 7, 37
What are the prime factors of 1360?
2, 5, 17
List the prime factors of 104554.
2, 61, 857
List the prime factors of 5794.
2, 2897
List the prime factors of 1757.
7, 251
List the prime factors of 1226.
2, 613
List the prime factors of 8283.
3, 11, 251
What are the prime factors of 85525?
5, 11, 311
List the prime factors of 1692.
2, 3, 47
What are the prime factors of 9069?
3, 3023
What are the prime factors of 1092?
2, 3, 7, 13
What are the prime factors of 24284?
2, 13, 467
List the prime factors of 47792.
2, 29, 103
List the prime factors of 7045.
5, 1409
What are the prime factors of 15?
3, 5
What are the prime factors of 58132?
2, 14533
What are the prime factors of 5709?
3, 11, 173
List the prime factors of 589.
19, 31
List the prime factors of 501.
3, 167
What are the prime factors of 606?
2, 3, 101
List the prime factors of 2620.
2, 5, 131
What are the prime factors of 3472?
2, 7, 31
List the prime factors of 26848.
2, 839
What are the prime factors of 955?
5, 191
What are the prime factors of 2770?
2, 5, 277
List the prime factors of 5663.
7, 809
What are the prime factors of 8302?
2, 7, 593
What are the prime factors of 94761?
3, 10529
What are the prime factors of 6353?
6353
What are the prime factors of 46458?
2, 3, 29, 89
What are the prime factors of 288?
2, 3
List the prime factors of 110390.
2, 5, 7, 19, 83
What are the prime factors of 14097?
3, 37, 127
List the prime factors of 116.
2, 29
List the prime factors of 223.
223
What are the prime factors of 17489?
17489
List the prime factors of 1869.
3, 7, 89
What are the prime factors of 150?
2, 3, 5
List the prime factors of 75114.
2, 3, 13, 107
List the prime factors of 1061.
1061
List the prime factors of 19610.
2, 5, 37, 53
What are the prime factors of 39279?
3, 13093
List the prime factors of 3962.
2, 7, 283
List the prime factors of 9793.
7, 1399
List the prime factors of 2450.
2, 5, 7
What are the prime factors of 20132?
2, 7, 719
What are the prime factors of 1136?
2, 71
What are the prime factors of 3142?
2, 1571
List the prime factors of 15362.
2, 7681
What are the prime factors of 3871?
7, 79
What are the prime factors of 93666?
2, 3, 67, 233
List the prime factors of 1853.
17, 109
What are the prime factors of 133818?
2, 3, 22303
What are the prime factors of 14504?
2, 7, 37
What are the prime factors of 570?
2, 3, 5, 19
What are the prime factors of 587?
587
What are the prime factors of 7624?
2, 953
List the prime factors of 64856.
2, 11, 67
What are the prime factors of 345?
3, 5, 23
List the prime factors of 1525.
5, 61
What are the prime factors of 4914?
2, 3, 7, 13
What are the prime factors of 14970?
2, 3, 5, 499
What are the prime factors of 1748?
2, 19, 23
List the prime factors of 90485.
5, 18097
List the prime factors of 74205.
3, 5, 17, 97
What are the prime factors of 497?
7, 71
List the prime factors of 102419.
23, 61, 73
List the prime factors of 25567.
37, 691
What are the prime factors of 658?
2, 7, 47
What are the prime factors of 22?
2, 11
List the prime factors of 114942.
2, 3, 19157
List the prime factors of 51534.
2, 3, 7, 409
What are the prime factors of 46448?
2, 2903
List the prime factors of 542.
2, 271
What are the prime factors of 2137?
2137
What are the prime factors of 287?
7, 41
What are the prime factors of 894?
2, 3, 149
List the prime factors of 109199.
109199
List the prime factors of 3159.
3, 13
List the prime factors of 1919.
19, 101
List the prime factors of 403.
13, 31
List the prime factors of 526.
2, 263
What are the prime factors of 650?
2, 5, 13
What are the prime factors of 6542?
2, 3271
What are the prime factors of 179?
179
List the prime factors of 26736.
2, 3, 557
List the prime factors of 4911.
3, 1637
List the prime factors of 3326.
2, 1663
List the prime factors of 59761.
13, 4597
What are the prime factors of 614?
2, 307
List the prime factors of 926.
2, 463
List the prime factors of 840.
2, 3, 5, 7
What are the prime factors of 540?
2, 3, 5
List the prime factors of 2060.
2, 5, 103
List the prime factors of 17969.
7, 17, 151
List the prime factors of 1517.
37, 41
What are the prime factors of 35490?
2, 3, 5, 7, 13
List the prime factors of 6563.
6563
What are the prime factors of 52343?
17, 3079
What are the prime factors of 1027?
13, 79
List the prime factors of 1017.
3, 113
List the prime factors of 2313.
3, 257
What are the prime factors of 35345?
5, 7069
What are the prime factors of 7645?
5, 11, 139
List the prime factors of 7891.
13, 607
List the prime factors of 271.
271
List the prime factors of 9279.
3, 1031
List the prime factors of 5411.
7, 773
List the prime factors of 2666.
2, 31, 43
What are the prime factors of 5062?
2, 2531
List the prime factors of 183.
3, 61
List the prime factors of 3400.
2, 5, 17
What are the prime factors of 29794?
2, 14897
List the prime factors of 7953.
3, 11, 241
What are the prime factors of 97516?
2, 24379
What are the prime factors of 3917?
3917
What are the prime factors of 163786?
2, 7, 11699
What are the prime factors of 176?
2, 11
List the prime factors of 852.
2, 3, 71
List the prime factors of 3919.
3919
What are the prime factors of 13382?
2, 6691
What are the prime factors of 954?
2, 3, 53
What are the prime factors of 8693?
8693
List the prime factors of 25475.
5, 1019
List the prime factors of 14136.
2, 3, 19, 31
List the prime factors of 467.
467
What are the prime factors of 49221?
3, 1823
What are the prime factors of 9180?
2, 3